 -86. Calculate the remainder when 20 is divided by (4 + p/9)*9.
8
Let d(i) = i**2 - 12*i + 15. Let b be d(11). Suppose -x = -3*w + b*x + 67, -3 = -2*w - 5*x. Let z = 3 + w. Calculate the remainder when z is divided by 10.
7
Let y = 2 + 1. Let r = 70 + -68. What is the remainder when y is divided by r?
1
Let r(m) = -3*m - 13. Let s be r(-6). Suppose 30 = s*n - 0*n. Let c = -32 + 53. Calculate the remainder when c is divided by n.
3
Let j(s) = 0 + 2 - 2 + 9 + s. Calculate the remainder when 24 is divided by j(-4).
4
Suppose 5*i - 33 = -3*h, -3*h - 2*i = -27 - 6. Calculate the remainder when (-1)/(-5) + 138/10 is divided by h.
3
Let j = 13 - -7. Suppose -3*k + 5*t + 23 = -j, -4*k = -4*t - 52. Calculate the remainder when k is divided by 7.
4
Let a(r) = 2*r**2 + 9*r + 4. Calculate the remainder when 39 is divided by a(-5).
3
Suppose -2*w + 16 = -z, -3*z = 4*w - z - 40. Suppose 10 = -3*b + 16. Suppose s + 6 = -2*s, 68 = b*m - s. Calculate the remainder when m is divided by w.
6
Suppose 5*b + h - 32 = 0, 0*h - 14 = -4*b + 5*h. What is the remainder when (20/5)/(((-3)/2)/((-63)/12)) is divided by b?
2
Suppose -t - 4*p + 576 = 0, -p - 551 = t - 2*t. Calculate the remainder when t is divided by 5.
1
Suppose 0 = -3*n + 5*b + 302 - 93, 0 = 3*n - 2*b - 206. What is the remainder when n is divided by 14?
12
Let t(b) = -4*b + 10. Let a be t(-2). What is the remainder when (-58)/(-261) - (2 - 2228/a) is divided by 32?
26
Suppose 7*b - 3*b = -96. Let s be 2/((b/15)/(-4)). Suppose s*r - 23 = 22. What is the remainder when r is divided by 3?
0
Suppose -78 = 3*r - 6*r. Let g = 557 + -430. Calculate the remainder when g is divided by r.
23
What is the remainder when (-19)/((-912)/3968) + 4/3 is divided by 14?
0
Calculate the remainder when 271 is divided by ((-15)/6)/(65/(-2184)).
19
Let y(s) = -7*s**3 + s**2 - 3*s + 4. What is the remainder when y(-3) is divided by 72?
67
Let r = 115 + -107. Calculate the remainder when 1207 is divided by r.
7
Let d(l) = 9*l**2. Let y be d(-1). Let q be ((4960/25)/(-8))/((-2)/60). Calculate the remainder when q/36*y/2 is divided by 24.
21
Suppose -491 = -5*a + o, -3*o + 495 = 5*a - 8*o. Calculate the remainder when a is divided by 28.
14
Suppose -5*r = 48 - 293. Suppose 4*k - 290 = -250. What is the remainder when r is divided by k?
9
Let s = 325 - 218. What is the remainder when s is divided by 32?
11
Let q(r) be the second derivative of r**3/6 - 9*r**2/2 + r. Let s be q(0). Calculate the remainder when 1 is divided by (1/(-3))/(3/s).
0
Let i(c) be the second derivative of 0*c**2 + 0 + 19/6*c**3 - 7*c. What is the remainder when i(1) is divided by 5?
4
Suppose 0*n = 2*n - 12. Suppose 0 = 11*y - 832 - 136. Suppose -87*q = -y*q + 4. Calculate the remainder when n is divided by q.
2
Let x be (0/((-9)/(-3)))/2. Suppose x = 5*g - 5 - 15. Suppose -i + 246 = g*b + 64, -2*b + 98 = -3*i. What is the remainder when b is divided by 12?
10
Let h(t) = t**2 + 4*t - 8. Let o be h(-6). Suppose -3*s + 2*a = -86, -54 = -2*s + a + o. Let x = 43 - 32. Calculate the remainder when s is divided by x.
8
Let q(i) = -66*i + 22. What is the remainder when q(0) is divided by 7?
1
Let x = 19 + -15. Suppose -q + 5 = 2*f - f, -x*q = 20. Suppose 0*r = -2*d + 2*r + 72, -5*r + 10 = 0. What is the remainder when d is divided by f?
8
Suppose 2*q - 27 = -q. Suppose 8*n = 10*n - 68. What is the remainder when n is divided by q?
7
Suppose w - 18 = b, -4*w - 26*b + 87 = -25*b. Calculate the remainder when 113 is divided by w.
8
Let l be ((-92)/(-5) - 0) + (-33)/(-55). Suppose 5*n + 4 = l. Calculate the remainder when 29 is divided by n.
2
Let i be (-38 - ((-3)/(-6) - 0))*-2. Let s = -49 + i. Calculate the remainder when 83 is divided by s.
27
Suppose 1 = -k + 2*k. Let u be ((-216)/15)/(9/(-45)). Calculate the remainder when k is divided by (-2)/4*-5 + u/(-48).
0
Suppose 0 = -4*v + 3*c + 103, -5*v + 49 = -5*c - 86. What is the remainder when 1009 is divided by v?
19
Calculate the remainder when 23 is divided by ((-4992)/256)/(3/(-2)*1).
10
Suppose 22*u = 116 + 2458. Let d = -33 - -63. Calculate the remainder when u is divided by d.
27
Let z(s) = -19*s**2 + s - 2. Let q be z(1). Calculate the remainder when 71 is divided by (196/q + 5)*-5.
23
Suppose 6 = 4*y - 3*i - 42, 0 = 4*i. Let b = 3 + -8. What is the remainder when (44/(-10))/(1/b) is divided by y?
10
Suppose -3*o + 3*g + 33 + 30 = 0, 0 = -4*o - 4*g + 44. Suppose -2*m - 4*c + c + 107 = 0, 4*m = -4*c + 224. Calculate the remainder when m is divided by o.
13
Let h be 9/(-6)*104/6. Let x = -17 - h. What is the remainder when 44 is divided by x?
8
Suppose 766*j + 1806 = 772*j. Calculate the remainder when j is divided by 59.
6
Suppose -3*y + 0*y = -69. Let d = 43 - y. Suppose n = t - 59, -39 - 81 = -2*t + 3*n. What is the remainder when t is divided by d?
17
Suppose 9*o = 4*o + 5*d + 250, 5*d + 205 = 4*o. What is the remainder when o is divided by 6?
3
Let i be ((-2)/8 - 77/28) + -76. Let x = i + 99. Suppose -95 = -4*j + 4*r + 41, 20 = 4*r. What is the remainder when j is divided by x?
19
Let g(d) = d**2 + d - 2. What is the remainder when (0 + (-10)/(-8))/(2/8) is divided by g(2)?
1
Let x = 65 + -40. Let r be ((-9)/6)/((-5)/10). Suppose r*v + 28 - 70 = 0. Calculate the remainder when x is divided by v.
11
What is the remainder when 5 - 1*(1 + 0) is divided by ((-1)/3*1)/(63/(-189))?
0
Let s(k) = 15*k + 167. Calculate the remainder when 182 is divided by s(-7).
58
Let t = 91 + 69. Calculate the remainder when t is divided by 23.
22
Suppose -2*l + 40 = -12. Calculate the remainder when l is divided by 1 + 8 + 7 + -7.
8
Let w(t) = -12*t - 6. What is the remainder when w(-2) is divided by 11?
7
Let r(p) = -5*p - 9. Suppose -n = 2*m - 1, n - m + 14 = 2*m. What is the remainder when 29 is divided by r(n)?
13
Let f(b) = b**2 - 2*b + 4. Suppose 3*d - 9 = -3*g, 9 = 2*g + 3*d - 0*d. Let p be f(g). Suppose t + p*t = 50. What is the remainder when 29 is divided by t?
9
Let k(m) = m**3 + 7*m**2 + 7*m + 11. Let l be k(-6). Let r be l*(-20)/8*-2. Suppose -11 + r = t. Calculate the remainder when 39 is divided by t.
11
Let i(s) = 2*s**2 + 2*s - 13. Let c be i(-4). Let v = 55 - c. Calculate the remainder when v is divided by 2*(-1 + (-34)/(-4)).
14
Let n = 56 + -45. Calculate the remainder when 60 is divided by n.
5
Suppose 49 = -3*y - t + 219, 0 = 4*y + 2*t - 230. Calculate the remainder when y is divided by 28.
27
Let t = -44 - -65. Suppose -1913 = -2*i - 1855. Calculate the remainder when i is divided by t.
8
Let z = -1058 + 1108. Calculate the remainder when z is divided by 27.
23
Suppose 7*h + 2 = 9*h. What is the remainder when (-263)/(-4) - (-1)/4 is divided by 25 - (-1 + h - -2)?
20
Suppose 3*i - 318 - 30 = 0. Calculate the remainder when i is divided by 40.
36
Let i(f) = -f + 37. Let l be i(0). Suppose -4*w = -3*w - l. Let s(o) = 3*o + 5. What is the remainder when w is divided by s(1)?
5
Let q(u) = 8*u - 5 + 3*u + 5*u - 7*u. Calculate the remainder when 96 is divided by q(6).
47
Let n(o) = o**2 - 36*o + 142. Calculate the remainder when 418 is divided by n(32).
12
Let a(q) = -14*q + 7. Let f be a(-6). Let g be (-2894)/(-14) - (-26)/f. Let b = g + -108. Calculate the remainder when b is divided by 20.
19
What is the remainder when 18/63 - 4252/(-14) is divided by 51?
49
Suppose -p - 15 = -u, 0*p - 33 = -2*u + 3*p. What is the remainder when 479 is divided by u?
11
Suppose 96*y - 101*y = u - 37, 5*u - 4*y = 98. Calculate the remainder when 42 is divided by u.
20
Suppose 4879 + 7405 = 74*v. What is the remainder when v is divided by 19?
14
Suppose 34 = b - y, y + 212 - 61 = 4*b. Let i(m) = -m**2 - 9*m - 9. Let o be i(-8). What is the remainder when b is divided by 24 + o + -6 + 4?
18
Suppose 167 = -2*f + 2*j + 305, -4 = j. What is the remainder when 161 is divided by f?
31
Suppose 0 = j - 7 - 10. Suppose -4*k + j = 5. What is the remainder when 38/4 + (-5)/(-10) is divided by k?
1
Suppose 0 = -5*i + 2*p + 368, -2*p - 80 = 5*i - 6*i. Let r = -321 + 336. What is the remainder when i is divided by r?
12
Let c(w) = 5*w + 1. Let f be c(-2). Let j be (-22476)/(-54) - (-2)/f. What is the remainder when ((-2)/(-4))/(4/j) is divided by 18?
16
Suppose 0 = -3*r + 27 - 12. Suppose -4*b = 20, 5*z = -b - 5 + 20. What is the remainde